e?
True
Is 10109 a composite number?
True
Is 6363131 a composite number?
False
Is 167199 a prime number?
False
Is 370261 a prime number?
True
Is 91009 prime?
True
Is 1521953 a composite number?
True
Is 12677 composite?
True
Is 3981 a prime number?
False
Is 194305 prime?
False
Is 1261093 composite?
True
Is 621419 a prime number?
True
Is 465529 composite?
False
Is 206161 prime?
False
Is 44017 a prime number?
True
Is 5147 a composite number?
False
Is 2021 prime?
False
Is 8903 composite?
True
Is 1016021 composite?
True
Is 15497 composite?
False
Is 92767 prime?
True
Is 5519 prime?
True
Is 134083 a prime number?
False
Is 152519 a prime number?
True
Is 816251 prime?
True
Is 57479 composite?
True
Is 655071 prime?
False
Is 13441 composite?
False
Is 52499 a prime number?
False
Is 13929 a composite number?
True
Is 3071 a composite number?
True
Is 159118 composite?
True
Is 114689 a composite number?
False
Is 226991 a prime number?
True
Is 18431 composite?
True
Is 11917 a composite number?
True
Is 12301 a composite number?
False
Is 9101 prime?
False
Is 257069 composite?
False
Is 6377 a prime number?
False
Is 509995 a prime number?
False
Is 1138747 composite?
True
Is 19 a composite number?
False
Is 64441 a composite number?
True
Is 671729 a composite number?
False
Is 124693 a composite number?
False
Is 6689 composite?
False
Is 103349 prime?
True
Is 8191 a composite number?
False
Is 40093 prime?
True
Is 12251 composite?
False
Is 103951 composite?
False
Is 4421 prime?
True
Is 3761 a prime number?
True
Is 28774 a prime number?
False
Is 150019 a composite number?
True
Is 15541 composite?
False
Is 2743 composite?
True
Is 14969 composite?
False
Is 521861 composite?
False
Is 8473 a composite number?
True
Is 25094 a prime number?
False
Is 20477 prime?
True
Is 4703 a composite number?
False
Is 8501 composite?
False
Is 5431 a composite number?
False
Is 2813 a composite number?
True
Is 309427 composite?
True
Is 75489 a prime number?
False
Is 7121 composite?
False
Is 555661 a composite number?
False
Is 173137 a composite number?
False
Is 781037 composite?
True
Is 291185 a composite number?
True
Is 11777 prime?
True
Is 458629 prime?
True
Is 11614 a composite number?
True
Is 1124709 prime?
False
Is 1048659 composite?
True
Is 221047 composite?
False
Is 260878 a composite number?
True
Is 37067 a composite number?
True
Is 22658 a prime number?
False
Is 90313 prime?
True
Is 14239 a composite number?
True
Is 798299 prime?
False
Is 6297 a prime number?
False
Is 322403 a prime number?
True
Is 1461 prime?
False
Is 34439 a composite number?
False
Is 60887 a prime number?
True
Is 8501 composite?
False
Is 246023 composite?
True
Is 1211 a composite number?
True
Is 310273 prime?
True
Is 26527 composite?
True
Is 599671 a prime number?
False
Is 449101 prime?
False
Is 353999 a prime number?
False
Is 877427 composite?
True
Is 169237 a prime number?
False
Is 130537 a composite number?
True
Is 1278283 composite?
True
Is 164479 a prime number?
False
Is 10921 prime?
False
Is 25045 a composite number?
True
Is 4139 composite?
False
Is 1100045 a composite number?
True
Is 9033 a prime number?
False
Is 87977 composite?
False
Is 50509 a prime number?
False
Is 1568419 a prime number?
True
Is 9527 a composite number?
True
Is 1292761 a prime number?
False
Is 78041 a prime number?
True
Is 221617 prime?
False
Is 3979 composite?
True
Is 889214 prime?
False
Is 19471 prime?
True
Is 5627 prime?
False
Is 1571249 a prime number?
False
Is 5561 a prime number?
False
Is 13309 a composite number?
False
Is 56611 a composite number?
False
Is 2811 a composite number?
True
Is 3510118 prime?
False
Is 625343 prime?
True
Is 3035 composite?
True
Is 12083 a prime number?
False
Is 19571 a composite number?
False
Is 9293 a prime number?
True
Is 25691 composite?
True
Is 519 composite?
True
Is 901 a prime number?
False
Is 915391 prime?
True
Is 484357 a composite number?
True
Is 18127 composite?
False
Is 33851 prime?
True
Is 331581 a composite number?
True
Is 24943 a composite number?
False
Is 15683 prime?
True
Is 197887 a prime number?
True
Is 421261 composite?
True
Is 56197 composite?
False
Is 404741 a composite number?
True
Is 125591 prime?
True
Is 1657 prime?
True
Is 175303 a prime number?
True
Is 673 prime?
True
Is 15627 a composite number?
True
Is 214813 a composite number?
True
Is 17707 composite?
False
Is 49451 a composite number?
False
Is 1816501 composite?
True
Is 6779 a prime number?
True
Is 9059 composite?
False
Is 213713 a composite number?
False
Is 23099 a prime number?
True
Is 37171 a composite number?
False
Is 336703 a composite number?
False
Is 521 a composite number?
False
Is 16129 a composite number?
True
Is 36401 composite?
True
Is 75401 prime?
True
Is 1156073 prime?
True
Is 109561 a prime number?
False
Is 12373 a prime number?
True
Is 356533 a prime number?
True
Is 211859 composite?
False
Is 91243 prime?
True
Is 13555 a composite number?
True
Is 57527 a composite number?
False
Is 13646 a prime number?
False
Is 33407 composite?
True
Is 23969 a composite number?
True
Is 386231 a composite number?
True
Is 1053769 a composite number?
False
Is 63901 a prime number?
True
Is 173281 composite?
True
Is 15343 composite?
True
Is 71846 prime?
False
Is 132943 prime?
False
Is 15401 composite?
False
Is 514997 a composite number?
True
Is 889 composite?
True
Is 1054457 a prime number?
True
Is 61081 prime?
False
Is 1901851 a prime number?
False
Is 6709 a prime number?
True
Is 6779 prime?
True
Is 158243 prime?
True
Is 1509353 prime?
True
Is 23899 a composite number?
False
Is 4771 composite?
True
Is 1699039 a composite number?
False
Is 37535 a composite number?
True
Is 1503311 a composite number?
False
Is 94247 a prime number?
False
Is 939971 composite?
False
Is 30293 composite?
False
Is 15055 prime?
False
Is 449819 a prime number?
False
Is 1763 a composite number?
True
Is 7737 a composite number?
True
Is 605009 composite?
False
Is 4351693 a prime number?
True
Is 16691 composite?
False
Is 104927 a composite number?
True
Is 20533 a composite number?
False
Is 37043 prime?
False
Is 693569 prime?
True
Is 44753 a composite number?
False
Is 252337 a composite number?
True
Is 1931 a composite number?
False
Is 1701979 a prime number?
True
Is 43853 prime?
True
Is 295553 a prime number?
True
Is 173069 a prime number?
False
Is 451039 a composite number?
False
Is 78415 composite?
True
Is 149489 a prime number?
True
Is 1243 a prime number?
False
Is 218203 composite?
True
Is 513901 a prime number?
False
Is 3846631 prime?
False
Is 764081 composite?
False
Is 230149 composite?
False
Is 89261 prime?
True
Is 4369 composite?
True
Is 395534 a composite number?
True
Is 472139 a prime number?
True
Is 21377 a prime number?
True
Is 233743 a prime number?
True
Is 7993 a composite number?
False
Is 16079 a composite number?
True
Is 123949 prime?
False
Is 1151 composite?
False
Is 209347 composite?
False
Is 361589 a prime number?
False
Is 967201 composite?
False
Is 238781 a composite number?
False
Is 102359 composite?
False
Is 524149 a composite number?
False
Is 244433 a prime number?
False
Is 141101 a composite number?
False
Is 3127 prime?
False
Is 114965 a prime number?
False
Is 40613 prime?
False
Is 21635 a composite number?
True
Is 8887 a prime number?
True
Is 83089 a prime number?
True
Is 46633 a prime number?
True
Is 587 prime?
True
Is 185899 a composite number?
True
Is 24127 a prime number?
False
Is 40727 prime?
False
Is 407999 composite?
True
Is 67103 prime?
True
Is 1639 a prime number?
False
Is 87211 prime?
True
Is 11054 composite?
True
Is 44491 a composite number?
False
Is 9527 prime?
False
Is 379 a composite number?
False
Is 4573 composite?
True
Is 59599 composite?
True
Is 110321 prime?
True
Is 6047 a prime number?
True
Is 10903 a composite number?
False
Is 740587 a prime number?
False
Is 7811 composite?
True
Is 99559 a composite number?
False
Is 869845 prime?
False
Is 15497 a composite number?
False
Is 430411 a prime number?
True
Is 122299 a prime number?
True
Is 456145 a composite number?
True
Is 7848923 a prime number?
True
Is 139241 prime?
True
Is 1651 a composite number?
True
Is 24287 a composite number?
True
Is 39409 a composite number?
False
Is 38231 a composite number?
False
Is 96377 a prime number?
True
Is 492853 prime?
True
Is 9